be f(h). Let y(a) = a**2 - 1. Calculate y(v).
3
Suppose -2*y + 5*v + 0 = 12, -5*v = -5*y. Let r(i) be the first derivative of i**3/3 - i**2/2 - 5*i - 1. Calculate r(y).
7
Let u(t) = t + 8. Suppose 0*h - 4 = -2*h. Suppose -h = 4*p + 22. Determine u(p).
2
Let j = -38 - -31. Let r(l) = -3*l + 8. Determine r(j).
29
Let i(g) = -2*g**3 + 3*g**3 - 5*g**2 - 2*g - 2*g**3. Suppose 2 = -j + 6. Suppose -4*o = j, -2*o - o = -5*y - 7. Calculate i(y).
-8
Let n = 3 - -3. Let i(w) = -w + 1. Determine i(n).
-5
Let c be (-1)/3 - 19/(-3). Let t be 4/6 - (-26)/c. Let y(o) = 21 - 6*o**2 + 4*o + 2*o - 28 + o**3. Give y(t).
-2
Let r = -9 - -7. Let u(b) = -2 + 3*b + 5 - 2*b + b**3 + 4*b**2 + 3*b. What is u(r)?
3
Suppose 2*y + 10 = 7*y. Let j(t) = -4*t - 2. What is j(y)?
-10
Let v(b) = 2*b - 2. Let w = 1 - 2. Let q(m) = 4*m - 24. Let r be q(6). Let p be r*w/3 + -2. Give v(p).
-6
Let i(w) be the first derivative of -w**5/20 - 5*w**4/12 - w**3/3 + 2*w**2 - 2*w - 2. Let p(t) be the first derivative of i(t). Let v = -2 - 2. Calculate p(v).
-4
Let c(x) = -x - 1. Let m be 2/((-3)/6 - 0). Let i be c(m). Let l(f) = f**2 - 2*f + 3. Determine l(i).
6
Suppose -2*g + 30 = 5*d - 6*g, -d - 8 = 2*g. Let u(r) be the first derivative of -5*r**2/2 - 29. Determine u(d).
-10
Let q be (-175)/(-55) - 3 - (-48)/(-22). Let t(s) = -s**2 - 3*s + 1. Give t(q).
3
Suppose 0 = 2*x - 7 + 3. Let y(w) = 4*w + 3. Let l(k) = -k. Let f(g) = -g**3 + 6*g**2 + g - 5. Let s be f(6). Let u(n) = s*y(n) + 6*l(n). Give u(x).
-1
Let i(l) be the third derivative of l**5/60 + 5*l**4/12 + 7*l**3/6 + 3*l**2 + 15*l. What is i(-6)?
-17
Suppose 2*c = 3*c - 2. Suppose 2*d = -c*n - 3*d - 10, -5*d - 10 = -4*n. Let j(p) = 5*p**3 - 4*p**3 + 5 + p + 0*p. Determine j(n).
5
Suppose 3*u - 4 = 2. Let j(i) = i - i**2 - u*i**2 + 6*i**2. Calculate j(-1).
2
Suppose -2*z + 4 = 4*h, 5*z + 1 = -2*h - 29. Let v(r) = -r**2 - 10*r - 6. What is v(z)?
10
Let n(m) be the third derivative of -m**5/60 - m**4/8 + 12*m**2. Give n(-4).
-4
Suppose 0 = -2*p - 6, -8 = -2*x + 5*p + 13. Let g be -9*((-6)/(-2))/x. Let h = 4 + g. Let z(u) = -u**3 - 5*u**2 - 1. Calculate z(h).
-1
Let m = -10 - -14. Let l(c) = -c**2 + 5*c - 6. What is l(m)?
-2
Let i(b) = -7*b**3 + 3*b**2 + 6*b + 4. Let r(g) = -20*g**3 + 9*g**2 + 17*g + 12. Let y(j) = -17*i(j) + 6*r(j). Calculate y(4).
-12
Let u(b) = -b - 6. Let g(z) = 3 + 0*z + 4 - 2 + z. Let s be g(-5). What is u(s)?
-6
Suppose 0 = -0*m - 5*m + 5, 3*w + 12 = -3*m. Let b(u) = -4*u - 6. Calculate b(w).
14
Let s(n) = -5*n + 6*n - n**2 - 7 + 4*n + 2*n. Let m(v) = 6*v**2 + v - 1. Let r be m(1). What is s(r)?
-1
Let p(i) = 3*i**2 - 5*i - 4*i**2 + 0 - 6. Suppose -3*r = -2*r + 4. Calculate p(r).
-2
Suppose -9*l - 24 = -13*l. Let t(o) = o**2 - 5*o - 1. What is t(l)?
5
Let t(x) = -1. Let v(m) = -m - 3. Let s(a) = 3*t(a) - v(a). Determine s(-7).
-7
Let d(a) = a + 3. Let i = 30 + -34. What is d(i)?
-1
Let w(u) = u - 4. Let o be w(5). Let z(r) = r**3 + r**2 - 1. Let c be z(o). Let s(h) = -3*h**2 + 2*h - 1. What is s(c)?
-2
Suppose 4*m - 5*z - 51 = 33, 0 = 2*m - 2*z - 40. Suppose 4*f + m = -5*p - 13, 0 = 3*f - 4*p - 17. Let j(h) = 6*h - 1. What is j(f)?
-7
Let f(b) = -b**3 - 4*b**2 + 3. Let x be f(-3). Let m(w) = -2*w - 4. Determine m(x).
8
Let j(i) = 2*i**2 + 23*i - 7. Let o(z) = -z**2 - 12*z + 3. Let l(p) = -6*j(p) - 11*o(p). Give l(-7).
2
Let a(j) = 2*j**3 - 3*j**2 + 2*j. Let k(w) = 5*w**3 - 5*w**2 + 4*w - 1. Let i(h) = 7*a(h) - 3*k(h). Give i(-6).
-9
Let f(h) = h + 10. Let z be f(-10). Let t(b) = 2*b - 4. Let q(w) = -5*w + 12. Let x(c) = 3*q(c) + 8*t(c). Calculate x(z).
4
Let h(z) be the second derivative of -z**3/6 + z**2/2 - 3*z. Let b be h(-1). Let i = b - 2. Let a(x) = x - 6. What is a(i)?
-6
Let j(f) be the third derivative of -f**4/24 - f**3/6 + f**2. Suppose y + 10 = 5*c, 12*c - 13*c + 13 = 2*y. Determine j(y).
-6
Let w(s) be the first derivative of s**5/120 - s**4/3 - 2*s**3 - 2. Let h(o) be the third derivative of w(o). Calculate h(5).
-3
Let p(r) = r**2 - 2 + 4*r**2 - r - 6*r**2. What is p(2)?
-8
Let x be 3 + 0 + 0 + 2. Suppose 0*b - x*p = 2*b - 16, -3*b + 4*p = -1. Let s(j) = 2 - 4*j + b*j - 1. What is s(-4)?
5
Suppose i = -i - 12. Let u = -2 + i. Let k = u - -5. Let c(x) = -x**2 - 3*x. Give c(k).
0
Suppose 0 = -t - 0 - 3. Let y(k) = -7*k**2 - 2*k + 8. Let z(m) = -4*m**2 - m + 4. Let a(g) = t*y(g) + 5*z(g). Calculate a(-3).
2
Let o be (-2)/4 - 6/(-4). Let a(d) = -12 + 0 + 11 - 3*d. Let f be a(o). Let m(z) = z - 1. Give m(f).
-5
Let u be 120/(-65) + 4/(-26). Let f(a) be the second derivative of 0 + 1/6*a**4 + 0*a**2 + 3*a + 1/2*a**3. Calculate f(u).
2
Let h(f) = -f**2 - 6*f + 8. Let d be h(-6). Suppose d = -3*i + 7*i. Let v(x) = i*x + 1 + 0*x + 2. Calculate v(-4).
-5
Let q be 1*(2 - 2)*1. Suppose -1 = 3*w - 4*z, -z + q = -3*w + 11. Let i(m) = -m**2 + 4*m. Determine i(w).
-5
Let v(a) = -71*a**3 + 7*a - 6*a**2 + 1 + 0 + 70*a**3. Give v(-7).
1
Let k(g) = -g - 10. Let y(r) = -r**3 + r**2 + r - 5. Let q be y(0). Determine k(q).
-5
Let p(q) = -q - 3*q**2 + 6*q**2 - q**3 + 0*q**3. Let l be p(2). Suppose -l*c - 2*z = -z - 5, c = 3*z - 15. Let j(f) = f**2 - f + 8. Give j(c).
8
Let w(r) = -175 + 5*r + 175. Let g be (0 + 1)/(-4 - -3). Give w(g).
-5
Let x(d) = d**2 - 3*d + 1. Let s(j) be the second derivative of j**4/4 - j**3/6 + j**2/2 + 3*j. Let m be s(1). Give x(m).
1
Let u(a) be the third derivative of a**5/120 - a**4/4 - 2*a**3/3 + 4*a**2. Let g(l) be the first derivative of u(l). What is g(3)?
-3
Let c = -5 - -2. Let h(b) = -b**2 - 3*b + 3. Calculate h(c).
3
Let g(j) be the first derivative of j**3/3 - 9*j**2/2 + 3*j + 6. Calculate g(6).
-15
Let r be -3 - (-2)/((-8)/(-36)*3). Let t(d) be the third derivative of -1/3*d**3 + 1/6*d**4 + r*d - 1/120*d**6 + 2*d**2 + 0 + 1/20*d**5. What is t(4)?
-2
Let q(m) = -m**3 + 5*m**2 + 7*m - 3. Let g be q(6). Let z(r) = -4*r**2 - 6 - 6*r + g + 3*r**2 - 3. Let l be -4 - (1 - (-1 - -1)). Give z(l).
-1
Let x(a) = 3*a**2 + 1. Let g be x(1). Suppose -2*v + g = 2. Let p(r) = 8*r**3 + r - 1. Give p(v).
8
Let v(r) = 2*r - 8 + 5*r - 2*r + 5*r - r**2. Determine v(8).
8
Let r(f) = -f + 1. Let d be r(7). Let p(o) = -o**2 - 3*o + 5. What is p(d)?
-13
Let d(x) = -x**3 - 4*x**2 - 2*x + 3. Let n be d(-3). Let b(j) = -j + 12. Give b(n).
12
Let n be 2/(-3) - (-5)/3. Let v = -38 + 75. Let d(r) = 37*r - r**2 + 2 - 1 - v*r. Give d(n).
0
Let y(j) be the third derivative of -7*j**5/60 - 3*j**4/8 + 2*j**2. Let r(m) = -10*m**2 - 13*m. Let d(l) = -5*r(l) + 7*y(l). Calculate d(-2).
0
Suppose b - 2*n = 7, n + n = -4*b - 12. Let c(s) = 9*s + 1. Determine c(b).
-8
Let t(r) = -r**2 - 7*r - 6. Suppose -15 = 3*w + 4*g, -5 = -0*w + w - 5*g. Give t(w).
4
Suppose -5 = -2*l - 1. Let q(v) = -3*v**l + 13 + v**2 + 6*v**2 + v - 3*v**2. What is q(0)?
13
Let k be (-44)/10*(1 - -4). Let i be 4/(-22) + (-26)/k. Let c(r) = -8*r**2 - 2*r + 1. Determine c(i).
-9
Let l(a) = -a**3 - 4*a**2 + 7*a + 7. Let x be (-3)/(-12) + (-17)/4. Let g be (x/6)/((-2)/(-15)). What is l(g)?
-3
Let y(h) = -h**3 + 5*h**2 + 3*h - 13. Let s(v) = v**3 - 5*v**2 - 3*v + 12. Let j(o) = 4*o**2 + 1. Let l be j(1). Let x(n) = l*y(n) + 6*s(n). Determine x(5).
-8
Let h(v) = v**3 + 3*v**2 + 2*v + 2. Suppose 3*c = 2*c + 1. Suppose -6*r = -3*r - 6. Suppose t + r = -c. What is h(t)?
-4
Let z(i) be the third derivative of i**5/120 - i**4/24 + 2*i**3/3 - 4*i**2. Let q(c) be the first derivative of z(c). Calculate q(-4).
-5
Suppose k = -3*u + 3*k - 1, 5*k = -3*u - 8. Let v be u*(-27 + 3)/3. Suppose -v*g + 3*g = 0. Let a(f) = f + 3. Give a(g).
3
Let b(q) be the third derivative of -q**6/120 + q**5/20 + q**4/6 - 2*q**2. Let h be 44/(-16) + 1/(-4). Let i = 1 - h. Calculate b(i).
0
Let g(i) = i**2 - 7*i + 4. Let b = 21 + -15. Let s be (b/4)/(2/8). What is g(s)?
-2
Let u(p) = -2*p**3 + 5*p**2 - 5*p + 4. Let k be (-24)/(-132) + 3/(66/62). Determine u(k).
-20
Let c(r) = r**2 + 7*r + 7. Suppose 0 = -l + w + w + 1, 4 = l - 3*w. Determine c(l).
-3
Let d(r) = r**2 + r - 3. Suppose 5*b + 0*i = -3*i - 13, -b - 4*i = -11. Let n = 4 + b. Let f be 1 + n/((-1)/(-4)). Determine d(f).
3
Let p(o) = -o**3 + 5*o**2 + 4. Let d be 2*-3*8/12*-1. What is p(d)?
20
Suppose 0 = -3*x - x - 40. Let p = -9 - x. Let w(a) = a**3 - a + 1. Determine w(p).
1
Let u(s) = s**2 - 2*s**2 + 6 - 5. Determine u(2).
-3
